{"id":9079,"date":"2025-07-29T09:34:41","date_gmt":"2025-07-29T06:34:41","guid":{"rendered":"https:\/\/www.digidreamer.fi\/kauppa\/?post_type=product&#038;p=9079"},"modified":"2026-05-01T10:11:50","modified_gmt":"2026-05-01T07:11:50","slug":"asus-prime-80-plus-gold-compatible-atx-3-0-virtalahde","status":"publish","type":"product","link":"https:\/\/www.digidreamer.fi\/kauppa\/tuote\/asus-prime-80-plus-gold-compatible-atx-3-0-virtalahde\/","title":{"rendered":"ASUS Prime 80 Plus Gold Compatible ATX 3.0-virtal\u00e4hde"},"content":{"rendered":"<p>Laitteen tyyppi: Virtal\u00e4hde &#8211; Aktiivinen tehokertoimen korjaus (PFC) &#8211; sis\u00e4inen<br \/>Teknisten tietojen vaatimustenmukaisuus: ATX12V 3.0\/ EPS12V<br \/>PSU koko ja muoto: ATX<br \/>V\u00e4ri: Musta, valkoinen<br \/>Tuloj\u00e4nnite: Vaihtovirta 100-240 V<br \/>Tehon l\u00e4ht\u00f6liittimien yksityiskohdat:<br \/>1 x virta 24-nastainen ATX<br \/>2 x power 8 pin EPS12V<br \/>1 x 12VHPWR<br \/>3 x 2 8-nastaista PCI Express -virtal\u00e4hdett\u00e4, jossa on irrotettava 2-nastainen osa<br \/>5 x 15 pin Serial ATA power<br \/>3 x 4-nastainen sis\u00e4inen virta<br \/>L\u00e4ht\u00f6j\u00e4nnite: +3.3, +5, \u00b112 V, +5Vsb V<br \/>Virtakapasiteetti:<br \/>750 wattia, 850 wattia<br \/>Output -virta:<br \/>+3.3V &#8211; 20 A<br \/>+5V &#8211; 20 A<br \/>+12V &#8211; 62 A<br \/>-12V &#8211; 0.3 A<br \/>+5VSB &#8211; 2.5 A<br \/>Modulaarijohdon hallinta: Kyll\u00e4<br \/>80 PLUS -sertifiointi: 80 PLUS Gold<br \/>Sis\u00e4ltyv\u00e4t kaapelit: <br \/>Vaihtovirtajohto<br \/>Power 24 pin ATX modular cable 61 cm<br \/>2 x power 8 pin EPS12V modular cable 65 cm<br \/>16-napainen 12VHPWR -virtakaapeli 67.5 cm<br \/>16-napainen 12VHPWR -kaapeli kahdelle 8-napaiselle PCI Express -virtaliit\u00e4nn\u00e4lle 67.5 cm<br \/>8 pin PCI Express power irrotettavalla 2 pin modulaarikaapelilla 67.5 cm<br \/>15-nastainen Serial ATA -virtamoduulikaapeli 52 cm<br \/>15-nastainen Serial ATA -virtamoduulikaapeli 64 cm<br \/>4-nastainen virtamoduulikaapeli 70 cm<br \/>Keskim\u00e4\u00e4r\u00e4inen vikav\u00e4li (MTBF): 120,000 tuntia<br \/>Ominaisuudet: Ylikuumenemissuoja, ylikuormituksen suojaus, ylij\u00e4nnitesuojaus, ylivirtasuoja, matalaj\u00e4nnitesuoja, oikosulkusuojaus, kaksoiskuulalaakeri tuuletin, t\u00e4ysin moduloitava<br \/>Yhteensopivuusstandardit: RoHS<br \/>Leveys: 15 cm<br \/>Syvyys: 15 cm<br \/>Korkeus: 8.6 cm<br \/>Paino: 1.466 kg<\/p>\n","protected":false},"excerpt":{"rendered":"<p>Valmistaja: ASUS<br \/>Valmistajan tuotekoodi: 90YE00U1-B0NA00, 90YE00U0-B0NA00<br \/>Tuotenimike: ASUS Prime 80 Plus Gold Compatible ATX 3.0<br \/>Kuvaus: ASUS PRIME &#8211; Virtal\u00e4hde (sis\u00e4inen) &#8211; ATX12V 3.0\/ EPS12V &#8211; 80 PLUS Gold &#8211; Vaihtovirta 100-240 V &#8211; aktiivinen PFC &#8211; musta, valkoinen<br \/>EAN-koodi: 4711387192962, 4711387192658<br \/>Valmistajan takuu: Rajoitettu 8 vuotta<\/p>\n","protected":false},"featured_media":9080,"comment_status":"open","ping_status":"closed","template":"","meta":[],"product_brand":[633],"product_cat":[105],"product_tag":[],"class_list":{"0":"post-9079","1":"product","2":"type-product","3":"status-publish","6":"product_brand-asus","7":"product_cat-virtalahteet","9":"first","10":"onbackorder","11":"sale","12":"taxable","13":"shipping-taxable","14":"purchasable","15":"product-type-variable","16":"has-default-attributes"},"jetpack_sharing_enabled":true,"_links":{"self":[{"href":"https:\/\/www.digidreamer.fi\/kauppa\/wp-json\/wp\/v2\/product\/9079","targetHints":{"allow":["GET"]}}],"collection":[{"href":"https:\/\/www.digidreamer.fi\/kauppa\/wp-json\/wp\/v2\/product"}],"about":[{"href":"https:\/\/www.digidreamer.fi\/kauppa\/wp-json\/wp\/v2\/types\/product"}],"replies":[{"embeddable":true,"href":"https:\/\/www.digidreamer.fi\/kauppa\/wp-json\/wp\/v2\/comments?post=9079"}],"wp:featuredmedia":[{"embeddable":true,"href":"https:\/\/www.digidreamer.fi\/kauppa\/wp-json\/wp\/v2\/media\/9080"}],"wp:attachment":[{"href":"https:\/\/www.digidreamer.fi\/kauppa\/wp-json\/wp\/v2\/media?parent=9079"}],"wp:term":[{"taxonomy":"product_brand","embeddable":true,"href":"https:\/\/www.digidreamer.fi\/kauppa\/wp-json\/wp\/v2\/product_brand?post=9079"},{"taxonomy":"product_cat","embeddable":true,"href":"https:\/\/www.digidreamer.fi\/kauppa\/wp-json\/wp\/v2\/product_cat?post=9079"},{"taxonomy":"product_tag","embeddable":true,"href":"https:\/\/www.digidreamer.fi\/kauppa\/wp-json\/wp\/v2\/product_tag?post=9079"}],"curies":[{"name":"wp","href":"https:\/\/api.w.org\/{rel}","templated":true}]}}