{"id":9077,"date":"2025-07-29T09:32:09","date_gmt":"2025-07-29T06:32:09","guid":{"rendered":"https:\/\/www.digidreamer.fi\/kauppa\/?post_type=product&#038;p=9077"},"modified":"2026-05-01T10:19:15","modified_gmt":"2026-05-01T07:19:15","slug":"asus-prime-750w-bronze-psu-virtalahde","status":"publish","type":"product","link":"https:\/\/www.digidreamer.fi\/kauppa\/tuote\/asus-prime-750w-bronze-psu-virtalahde\/","title":{"rendered":"ASUS Prime 750W Bronze PSU-virtal\u00e4hde"},"content":{"rendered":"<p>Laitteen tyyppi: Virtal\u00e4hde &#8211; Aktiivinen tehokertoimen korjaus (PFC) &#8211; sis\u00e4inen<br \/>Teknisten tietojen vaatimustenmukaisuus: ATX12V<br \/>PSU koko ja muoto: ATX<br \/>V\u00e4ri: Musta<br \/>Tuloj\u00e4nnite: Vaihtovirta 100-240 V<br \/>Tehon l\u00e4ht\u00f6liittimien yksityiskohdat:<br \/>1 x virta 24 nastan ATX irrotettavalla 4 nastan osiolla<br \/>2 x virta 8 nastaa +12V irrotettavalla 4 nastan osiolla<br \/>3 x 8 pin PCI Express power with detachable 2 pin section<br \/>6 x 15 pin Serial ATA power<br \/>3 x 4-nastainen sis\u00e4inen virta<br \/>L\u00e4ht\u00f6j\u00e4nnite: +3.3, +5, \u00b112 V, -12V, +5Vsb V<br \/>Virtakapasiteetti: 750 watti(a)<br \/>Output -virta:<br \/>+3.3V &#8211; 20 A<br \/>+5V &#8211; 20 A<br \/>+12V &#8211; 62.5 A<br \/>-12V &#8211; 0.3 A<br \/>+5VSB &#8211; 2.5 A<br \/>Modulaarijohdon hallinta: Kyll\u00e4<br \/>80 PLUS -sertifiointi: 80 PLUS Bronze<br \/>Keskim\u00e4\u00e4r\u00e4inen vikav\u00e4li (MTBF): 120,000 tuntia<br \/>J\u00e4\u00e4hdytysj\u00e4rjestelm\u00e4: 135 mm tuuletin<br \/>Ominaisuudet: Ylivirtasuoja, ylij\u00e4nnitesuojaus, matalaj\u00e4nnitesuoja, oikosulkusuojaus, ylikuormituksen suojaus, korkean l\u00e4mp\u00f6tilan suojaus, kaksoiskuulalaakeri tuuletin<br \/>Yhteensopivuusstandardit: RoHS<br \/>Leveys: 15 cm<br \/>Syvyys: 15 cm<br \/>Korkeus: 8.6 cm<br \/>Paino: 2.2 kg<br \/>L\u00e4hetyspaino: 3.067 kg<\/p>\n","protected":false},"excerpt":{"rendered":"<p>Valmistaja: ASUS<br \/>Valmistajan tuotekoodi: 90YE00Y0-B0NA00<br \/>Tuotenimike: ASUS Prime 750W Bronze PSU<br \/>Kuvaus: ASUS PRIME &#8211; Virtal\u00e4hde (sis\u00e4inen) &#8211; ATX12V &#8211; 80 PLUS Bronze &#8211; Vaihtovirta 100-240 V &#8211; 750 watti(a) &#8211; aktiivinen PFC &#8211; musta<br \/>EAN-koodi: 4711387635124<br \/>Valmistajan takuu: Rajoitettu 6 vuotta<\/p>\n","protected":false},"featured_media":9078,"comment_status":"open","ping_status":"closed","template":"","meta":[],"product_brand":[633],"product_cat":[105],"product_tag":[],"class_list":{"0":"post-9077","1":"product","2":"type-product","3":"status-publish","6":"product_brand-asus","7":"product_cat-virtalahteet","9":"first","10":"onbackorder","11":"sale","12":"taxable","13":"shipping-taxable","14":"purchasable","15":"product-type-simple"},"jetpack_sharing_enabled":true,"_links":{"self":[{"href":"https:\/\/www.digidreamer.fi\/kauppa\/wp-json\/wp\/v2\/product\/9077","targetHints":{"allow":["GET"]}}],"collection":[{"href":"https:\/\/www.digidreamer.fi\/kauppa\/wp-json\/wp\/v2\/product"}],"about":[{"href":"https:\/\/www.digidreamer.fi\/kauppa\/wp-json\/wp\/v2\/types\/product"}],"replies":[{"embeddable":true,"href":"https:\/\/www.digidreamer.fi\/kauppa\/wp-json\/wp\/v2\/comments?post=9077"}],"wp:featuredmedia":[{"embeddable":true,"href":"https:\/\/www.digidreamer.fi\/kauppa\/wp-json\/wp\/v2\/media\/9078"}],"wp:attachment":[{"href":"https:\/\/www.digidreamer.fi\/kauppa\/wp-json\/wp\/v2\/media?parent=9077"}],"wp:term":[{"taxonomy":"product_brand","embeddable":true,"href":"https:\/\/www.digidreamer.fi\/kauppa\/wp-json\/wp\/v2\/product_brand?post=9077"},{"taxonomy":"product_cat","embeddable":true,"href":"https:\/\/www.digidreamer.fi\/kauppa\/wp-json\/wp\/v2\/product_cat?post=9077"},{"taxonomy":"product_tag","embeddable":true,"href":"https:\/\/www.digidreamer.fi\/kauppa\/wp-json\/wp\/v2\/product_tag?post=9077"}],"curies":[{"name":"wp","href":"https:\/\/api.w.org\/{rel}","templated":true}]}}