{"id":8142,"date":"2025-06-02T00:31:59","date_gmt":"2025-06-01T21:31:59","guid":{"rendered":"https:\/\/www.digidreamer.fi\/kauppa\/?post_type=product&#038;p=8142"},"modified":"2026-04-21T11:36:38","modified_gmt":"2026-04-21T08:36:38","slug":"msi-mpg-pcie5-psu-virtalahde","status":"publish","type":"product","link":"https:\/\/www.digidreamer.fi\/kauppa\/tuote\/msi-mpg-pcie5-psu-virtalahde\/","title":{"rendered":"MSI MPG PCIE5 PSU-virtal\u00e4hde"},"content":{"rendered":"<p>Laitteen tyyppi: Virtal\u00e4hde &#8211; Aktiivinen tehokertoimen korjaus (PFC) &#8211; sis\u00e4inen<br \/>Teknisten tietojen vaatimustenmukaisuus: ATX12V \/ EPS12V<br \/>PSU koko ja muoto: ATX<br \/>Tuloj\u00e4nnite: Vaihtovirta 100-240 V<br \/>Vaadittu taajuus: 50 &#8211; 60 Hz<br \/>Tehon l\u00e4ht\u00f6liittimien yksityiskohdat:<br \/>1 x virta 24-nastainen ATX<br \/>2 x virta 8 nastan EPS12V irrotettavalla 4 nastan ATX12V osiolla<br \/>1 x 12+4-nastainen PCI Express 5.0 -virta 650 W<br \/>6 x 8 pin PCI Express power with detachable 2 pin section<br \/>8 x 15 pin Serial ATA power<br \/>4 x 4-nastainen sis\u00e4inen virta<br \/>1 x 4-nastainen sis\u00e4inen virta<br \/>L\u00e4ht\u00f6j\u00e4nnite: +3.3, +5, \u00b112 V<br \/>Virtakapasiteetti: 850 watti(a), 1000 watti(a)<br \/>Output -virta:<br \/>+3.3V &#8211; 22 A<br \/>+5V &#8211; 22 A<br \/>-12V &#8211; 0.3 A<br \/>+12V &#8211; 70.8 A<br \/>+5VSB &#8211; 3 A<br \/>Tehokkuus: 90%<br \/>Modulaarijohdon hallinta: Kyll\u00e4<br \/>80 PLUS -sertifiointi: 80 PLUS Gold<br \/>Sis\u00e4ltyv\u00e4t lis\u00e4varusteet: Ruuvit<br \/>Sis\u00e4ltyv\u00e4t kaapelit:<br \/>ATX-virtakaapeli 60 cm<br \/>16-nastainen 12VHPWR-virtakaapeli 60 cm<br \/>16-nastainen 12VHPWR 2 x 8-nastaiseen PCI Express -virtasovittimeen 60 cm<br \/>2 x 2x 8 pin PCI Express power with detachable 2 pin section modular cable 60 cm<br \/>Virta 8-nastainen + 12 V irrotettavalla 4-nastaisella modulaarikaapelilla 70 cm<br \/>3 x virta 15-nastainen SATA-kaapeli<br \/>4 nastan sis\u00e4inen virtajohto<br \/>AC input cable &#8211; ulkoinen<br \/>J\u00e4\u00e4hdytysj\u00e4rjestelm\u00e4: 135 mm tuuletin<br \/>Ominaisuudet: Ylivirtasuoja, ylij\u00e4nnitesuojaus, oikosulkusuojaus, matalaj\u00e4nnitesuoja, ylikuormituksen suojaus, ylikuumenemissuoja, sujuva dynaaminen laakerin tuuletin, t\u00e4ysin moduloitava, LLC Half Bridge Topology, DC-DC -teknologia, yksi 12V kisko, Zero RPM -tuuletintila<br \/>Yhteensopivuusstandardit: KC<br \/>\u00a0Mitat &amp; paino<br \/>Leveys: 15 cm<br \/>Syvyys: 15 cm<br \/>Korkeus: 8.6 cm<br \/>Paino: 3.24 kg<\/p>\n","protected":false},"excerpt":{"rendered":"<p>Valmistaja: MSI<br \/>Valmistajan tuotekoodi: MPG A850G PCIE5, MPG A1000G PCIE5<br \/>Tuotenimike: MSI MPG PCIE5 PSU<br \/>Kuvaus: MSI MPG A850G PCIE5 &#8211; Virtal\u00e4hde (sis\u00e4inen) &#8211; ATX12V \/ EPS12V &#8211; 80 PLUS Gold &#8211; Vaihtovirta 100-240 V &#8211; aktiivinen PFC<br \/>EAN-koodi: 4719072972189, 4719072972196<br \/>Valmistajan takuu: 10 vuotta<\/p>\n","protected":false},"featured_media":8143,"comment_status":"open","ping_status":"closed","template":"","meta":[],"product_brand":[641],"product_cat":[105],"product_tag":[],"class_list":{"0":"post-8142","1":"product","2":"type-product","3":"status-publish","6":"product_brand-msi","7":"product_cat-virtalahteet","9":"first","10":"onbackorder","11":"sale","12":"taxable","13":"shipping-taxable","14":"purchasable","15":"product-type-variable","16":"has-default-attributes"},"jetpack_sharing_enabled":true,"_links":{"self":[{"href":"https:\/\/www.digidreamer.fi\/kauppa\/wp-json\/wp\/v2\/product\/8142","targetHints":{"allow":["GET"]}}],"collection":[{"href":"https:\/\/www.digidreamer.fi\/kauppa\/wp-json\/wp\/v2\/product"}],"about":[{"href":"https:\/\/www.digidreamer.fi\/kauppa\/wp-json\/wp\/v2\/types\/product"}],"replies":[{"embeddable":true,"href":"https:\/\/www.digidreamer.fi\/kauppa\/wp-json\/wp\/v2\/comments?post=8142"}],"wp:featuredmedia":[{"embeddable":true,"href":"https:\/\/www.digidreamer.fi\/kauppa\/wp-json\/wp\/v2\/media\/8143"}],"wp:attachment":[{"href":"https:\/\/www.digidreamer.fi\/kauppa\/wp-json\/wp\/v2\/media?parent=8142"}],"wp:term":[{"taxonomy":"product_brand","embeddable":true,"href":"https:\/\/www.digidreamer.fi\/kauppa\/wp-json\/wp\/v2\/product_brand?post=8142"},{"taxonomy":"product_cat","embeddable":true,"href":"https:\/\/www.digidreamer.fi\/kauppa\/wp-json\/wp\/v2\/product_cat?post=8142"},{"taxonomy":"product_tag","embeddable":true,"href":"https:\/\/www.digidreamer.fi\/kauppa\/wp-json\/wp\/v2\/product_tag?post=8142"}],"curies":[{"name":"wp","href":"https:\/\/api.w.org\/{rel}","templated":true}]}}