{"id":7992,"date":"2025-06-01T12:22:52","date_gmt":"2025-06-01T10:22:52","guid":{"rendered":"https:\/\/www.digidreamer.fi\/kauppa\/?post_type=product&#038;p=7992"},"modified":"2026-05-01T10:12:32","modified_gmt":"2026-05-01T07:12:32","slug":"kingston-6000mhz-ddr5-cl36-dimm-kit-of-2-fury-beast-white-expo-keskusmuisti","status":"publish","type":"product","link":"https:\/\/www.digidreamer.fi\/kauppa\/tuote\/kingston-6000mhz-ddr5-cl36-dimm-kit-of-2-fury-beast-white-expo-keskusmuisti\/","title":{"rendered":"KINGSTON 6000MHz DDR5 CL36 DIMM Kit of 2 FURY Beast White EXPO-keskusmuisti"},"content":{"rendered":"<p>KINGSTON FURY Beast White EXPO on huippunopea DDR5-keskusmuistipaketti, joka tarjoaa 32GB tai 64GB kapasiteettia ja 6000 MHz taajuuden. T\u00e4ydellinen valinta pelaamiseen, suorituskykyiseen ty\u00f6asemaan ja moniajoon, t\u00e4m\u00e4 muistipaketti varmistaa sulavan ja tehokkaan k\u00e4ytt\u00f6kokemuksen tyylikk\u00e4\u00e4n valkoisen muotoilunsa kanssa.<\/p>\n<p>Kapasiteetti: 32 Gt: 2 x 16 Gt, 64 Gt: 2 x 32 Gt<br \/>P\u00e4ivitystyyppi: Yleinen<br \/>Leveys: 133.35 mm<br \/>Syvyys: 6.62 mm<br \/>Korkeus: 34.9 mm<br \/>Tyyppi: DRAM muistipakkaus<br \/>Tekniikka: DDR5 SDRAM<br \/>Koko tai muoto: DIMM 288 nastaa<br \/>Moduulin korkeus (tuumaa): 1.37<br \/>Nopeus: 3000 MHz (PC5-48000)<br \/>Saantiviiveet: CL36 (36-44-44)<br \/>Tiedon eheystarkistus: On-die ECC<br \/>Ominaisuudet: Intel Extreme Memory Profiles (XMP 3.0), AMD EXPO, matalan profiilin muistinj\u00e4\u00e4hdytin, plug and play, Single Rank, puskuroimaton<br \/>Moduulin kokoonpano: 2048 x 64<br \/>Sirurakenne (Chips Organization): X8<br \/>J\u00e4nnite: 1.35 V<br \/>Liitinpinnoite: Kulta<br \/>RAM-tehokkuus:<br \/>SPD &#8211; 4800 MHz &#8211; 1.1 V &#8211; CL40 &#8211; 40-39-39<br \/>AMD:n laajennettu profiili ylikuormitusta varten (EXPO) &#8211; 6000 MHz &#8211; 1.35 V &#8211; CL36 &#8211; 36-44-44<br \/>AMD:n laajennettu profiili ylikuormitusta varten (EXPO) &#8211; 5600 MHz &#8211; 1.25 V &#8211; CL40 &#8211; 40-40-40<br \/>Intel Extreme Memory Profiles (XMP 3.0) &#8211; 6000 MHz &#8211; 1.35 V &#8211; CL36 &#8211; 36-44-44<br \/>Intel Extreme Memory Profiles (XMP 3.0) &#8211; 5600 MHz &#8211; 1.25 V &#8211; CL40 &#8211; 40-40-40<br \/>V\u00e4rikategoria: Valkoinen<br \/>Yhteensopivuusstandardit: JEDEC<\/p>\n","protected":false},"excerpt":{"rendered":"<p>Valmistaja: KINGSTON<br \/>Valmistajan tuotekoodi: KF560C36BWE2K2-32<br \/>Tuotenimike: KINGSTON 6000MT\/s DDR5 CL36 DIMM Kit of 2 FURY Beast White EXPO<br \/>Kuvaus: Kingston FURY Beast &#8211; DDR5 &#8211; pakkaus &#8211; DIMM 288 nastaa &#8211; 3000 MHz \/ PC5-48000 &#8211; CL36 &#8211; 1.35 V &#8211; puskuroimaton &#8211; on-die ECC &#8211; valkoinen<br \/>EAN-koodi: 0740617345872<br \/>Valmistajan takuu: Rajoitettu elinik\u00e4inen<\/p>\n","protected":false},"featured_media":7993,"comment_status":"open","ping_status":"closed","template":"","meta":[],"product_brand":[638],"product_cat":[698],"product_tag":[],"class_list":{"0":"post-7992","1":"product","2":"type-product","3":"status-publish","6":"product_brand-kingston","7":"product_cat-ddr5","9":"first","10":"onbackorder","11":"sale","12":"taxable","13":"shipping-taxable","14":"purchasable","15":"product-type-variable","16":"has-default-attributes"},"jetpack_sharing_enabled":true,"_links":{"self":[{"href":"https:\/\/www.digidreamer.fi\/kauppa\/wp-json\/wp\/v2\/product\/7992","targetHints":{"allow":["GET"]}}],"collection":[{"href":"https:\/\/www.digidreamer.fi\/kauppa\/wp-json\/wp\/v2\/product"}],"about":[{"href":"https:\/\/www.digidreamer.fi\/kauppa\/wp-json\/wp\/v2\/types\/product"}],"replies":[{"embeddable":true,"href":"https:\/\/www.digidreamer.fi\/kauppa\/wp-json\/wp\/v2\/comments?post=7992"}],"wp:featuredmedia":[{"embeddable":true,"href":"https:\/\/www.digidreamer.fi\/kauppa\/wp-json\/wp\/v2\/media\/7993"}],"wp:attachment":[{"href":"https:\/\/www.digidreamer.fi\/kauppa\/wp-json\/wp\/v2\/media?parent=7992"}],"wp:term":[{"taxonomy":"product_brand","embeddable":true,"href":"https:\/\/www.digidreamer.fi\/kauppa\/wp-json\/wp\/v2\/product_brand?post=7992"},{"taxonomy":"product_cat","embeddable":true,"href":"https:\/\/www.digidreamer.fi\/kauppa\/wp-json\/wp\/v2\/product_cat?post=7992"},{"taxonomy":"product_tag","embeddable":true,"href":"https:\/\/www.digidreamer.fi\/kauppa\/wp-json\/wp\/v2\/product_tag?post=7992"}],"curies":[{"name":"wp","href":"https:\/\/api.w.org\/{rel}","templated":true}]}}