{"id":7242,"date":"2025-05-08T17:56:24","date_gmt":"2025-05-08T14:56:24","guid":{"rendered":"https:\/\/www.digidreamer.fi\/kauppa\/?post_type=product&#038;p=7242"},"modified":"2026-05-01T10:09:17","modified_gmt":"2026-05-01T07:09:17","slug":"kingston-ddr5-5600mhz-sodimm-keskusmuisti","status":"publish","type":"product","link":"https:\/\/www.digidreamer.fi\/kauppa\/tuote\/kingston-ddr5-5600mhz-sodimm-keskusmuisti\/","title":{"rendered":"KINGSTON DDR5 5600MHz SODIMM-keskusmuisti"},"content":{"rendered":"<p>Kapasiteetti: 16 Gt, 32 Gt, 48 Gt<br \/>P\u00e4ivitystyyppi: J\u00e4rjestelm\u00e4kohtainen<br \/>Tyyppi: DRAM muistimoduuli<br \/>Tekniikka: DDR5 SDRAM<br \/>Koko tai muoto: 262-nastainen SO-DIMM<br \/>Nopeus: 2800 MHz (PC5-44800)<br \/>Saantiviiveet: CL46<br \/>Tiedon eheystarkistus: On-die ECC<br \/>Ominaisuudet: Single Rank, puskuroimaton<br \/>Sirurakenne (Chips Organization): X8<br \/>J\u00e4nnite: 1.1 V<\/p>\n","protected":false},"excerpt":{"rendered":"<p>Valmistaja: KINGSTON<br \/>Valmistajan tuotekoodi: KCP556SS8-16, KCP556SD8-32, KCP556SD8-48<br \/>Tuotenimike: KINGSTON DDR5 5600MT\/s SODIMM<br \/>Kuvaus: Kingston &#8211; DDR5 &#8211; moduuli &#8211; 262-nastainen SO-DIMM &#8211; 2800 MHz \/ PC5-44800 &#8211; CL46 &#8211; 1.1 V &#8211; puskuroimaton &#8211; on-die ECC<br \/>EAN-koodi: 0740617335002, 0740617335040, 0740617336832<br \/>Valmistajan takuu: Rajoitettu elinik\u00e4inen<\/p>\n","protected":false},"featured_media":7243,"comment_status":"open","ping_status":"closed","template":"","meta":[],"product_brand":[638],"product_cat":[698],"product_tag":[],"class_list":{"0":"post-7242","1":"product","2":"type-product","3":"status-publish","6":"product_brand-kingston","7":"product_cat-ddr5","9":"first","10":"instock","11":"sale","12":"taxable","13":"shipping-taxable","14":"purchasable","15":"product-type-variable","16":"has-default-attributes"},"jetpack_sharing_enabled":true,"_links":{"self":[{"href":"https:\/\/www.digidreamer.fi\/kauppa\/wp-json\/wp\/v2\/product\/7242","targetHints":{"allow":["GET"]}}],"collection":[{"href":"https:\/\/www.digidreamer.fi\/kauppa\/wp-json\/wp\/v2\/product"}],"about":[{"href":"https:\/\/www.digidreamer.fi\/kauppa\/wp-json\/wp\/v2\/types\/product"}],"replies":[{"embeddable":true,"href":"https:\/\/www.digidreamer.fi\/kauppa\/wp-json\/wp\/v2\/comments?post=7242"}],"wp:featuredmedia":[{"embeddable":true,"href":"https:\/\/www.digidreamer.fi\/kauppa\/wp-json\/wp\/v2\/media\/7243"}],"wp:attachment":[{"href":"https:\/\/www.digidreamer.fi\/kauppa\/wp-json\/wp\/v2\/media?parent=7242"}],"wp:term":[{"taxonomy":"product_brand","embeddable":true,"href":"https:\/\/www.digidreamer.fi\/kauppa\/wp-json\/wp\/v2\/product_brand?post=7242"},{"taxonomy":"product_cat","embeddable":true,"href":"https:\/\/www.digidreamer.fi\/kauppa\/wp-json\/wp\/v2\/product_cat?post=7242"},{"taxonomy":"product_tag","embeddable":true,"href":"https:\/\/www.digidreamer.fi\/kauppa\/wp-json\/wp\/v2\/product_tag?post=7242"}],"curies":[{"name":"wp","href":"https:\/\/api.w.org\/{rel}","templated":true}]}}