{"id":7043,"date":"2025-05-07T20:21:32","date_gmt":"2025-05-07T17:21:32","guid":{"rendered":"https:\/\/www.digidreamer.fi\/kauppa\/?post_type=product&#038;p=7043"},"modified":"2026-04-29T07:07:51","modified_gmt":"2026-04-29T04:07:51","slug":"asus-dual-rtx-4060ti-8gb-gddr6-oc-v2-3xdp-1xhdmi-bulk-naytonohjain","status":"publish","type":"product","link":"https:\/\/www.digidreamer.fi\/kauppa\/tuote\/asus-dual-rtx-4060ti-8gb-gddr6-oc-v2-3xdp-1xhdmi-bulk-naytonohjain\/","title":{"rendered":"ASUS DUAL RTX 4060TI 8GB GDDR6 OC V2 3xDP 1xHDMI BULK-n\u00e4yt\u00f6nohjain"},"content":{"rendered":"<p>Laitteen tyyppi: N\u00e4yt\u00f6nohjain<br \/>V\u00e4yl\u00e4tyyppi: PCI Express 4.0<br \/>Grafiikkamoottori: NVIDIA GeForce RTX 4060 Ti<br \/>Boost Clock: 2565 MHz<br \/>Tehostuskello (OC): 2595 MHz<br \/>CUDA-ytimet: 4352<br \/>VR-yhteensopiva: Kyll\u00e4<br \/>Enimm\u00e4istarkkuus: 7680 x 4320<br \/>Tuettu n\u00e4ytt\u00f6jen enimm\u00e4ism\u00e4\u00e4r\u00e4: 4<br \/>Rajapintojen tiedot:<br \/>3 x DisplayPort<br \/>HDMI<br \/>API-tuettu: OpenGL 4.6<br \/>Ominaisuudet: NVIDIA Ada Lovelace -n\u00e4yt\u00f6nohjainteknologia, 3. sukupolven s\u00e4teenseurantaytimet, 4. sukupolven Tensor-ytimet, Axial-tech Fan Design, 0dB Technology, kaksoiskuulalaakerituulettimet, NVIDIA DLSS 3, NVIDIA Reflex, Nvidia Studio, 144 tunnin validointiohjelma, HDCP<br \/>Muisti: 8 Gt<br \/>Tekniikka: GDDR6 SDRAM<br \/>Muistin nopeus: 18 Gbit\/s<br \/>V\u00e4yl\u00e4leveys: 128-bit<br \/>Vaadittava virtal\u00e4hde: 650 W<br \/>Lis\u00e4vaatimukset: 8 nastan PCI Express -virtaliitin, viereinen PCI-paikka<br \/>Mukana tulevat ohjelmistot: ASUS GPU Tweak III, ASUS Quantumcloud<br \/>Yhteensopivuusstandardit: DisplayPort 1.4a, HDCP 2.3<br \/>Leveys: 40.1 cm<br \/>Syvyys: 20.2 cm<br \/>Korkeus: 12 cm<\/p>\n","protected":false},"excerpt":{"rendered":"<p>Valmistaja: ASUS<br \/>Valmistajan tuotekoodi: 90YV0J47-M0NB00<br \/>Tuotenimike: ASUS DUAL RTX 4060TI 8GB GDDR6 OC V2 3xDP 1xHDMI BULK<br \/>Kuvaus: ASUS Dual GeForce RTX 4060 Ti V2 8GB &#8211; OC Edition &#8211; n\u00e4yt\u00f6nohjain &#8211; GeForce RTX 4060 Ti &#8211; 8 Gt GDDR6 &#8211; PCIe 4.0 &#8211; 3 x DisplayPort, HDMI<br \/>EAN-koodi: 4711387389812<br \/>Valmistajan takuu: 3 vuotta<\/p>\n","protected":false},"featured_media":7046,"comment_status":"open","ping_status":"closed","template":"","meta":[],"product_brand":[633],"product_cat":[103],"product_tag":[],"class_list":{"0":"post-7043","1":"product","2":"type-product","3":"status-publish","6":"product_brand-asus","7":"product_cat-nvidia-geforce-rtx","8":"product_shipping_class-keski","10":"first","11":"onbackorder","12":"sale","13":"taxable","14":"shipping-taxable","15":"purchasable","16":"product-type-simple"},"jetpack_sharing_enabled":true,"_links":{"self":[{"href":"https:\/\/www.digidreamer.fi\/kauppa\/wp-json\/wp\/v2\/product\/7043","targetHints":{"allow":["GET"]}}],"collection":[{"href":"https:\/\/www.digidreamer.fi\/kauppa\/wp-json\/wp\/v2\/product"}],"about":[{"href":"https:\/\/www.digidreamer.fi\/kauppa\/wp-json\/wp\/v2\/types\/product"}],"replies":[{"embeddable":true,"href":"https:\/\/www.digidreamer.fi\/kauppa\/wp-json\/wp\/v2\/comments?post=7043"}],"wp:featuredmedia":[{"embeddable":true,"href":"https:\/\/www.digidreamer.fi\/kauppa\/wp-json\/wp\/v2\/media\/7046"}],"wp:attachment":[{"href":"https:\/\/www.digidreamer.fi\/kauppa\/wp-json\/wp\/v2\/media?parent=7043"}],"wp:term":[{"taxonomy":"product_brand","embeddable":true,"href":"https:\/\/www.digidreamer.fi\/kauppa\/wp-json\/wp\/v2\/product_brand?post=7043"},{"taxonomy":"product_cat","embeddable":true,"href":"https:\/\/www.digidreamer.fi\/kauppa\/wp-json\/wp\/v2\/product_cat?post=7043"},{"taxonomy":"product_tag","embeddable":true,"href":"https:\/\/www.digidreamer.fi\/kauppa\/wp-json\/wp\/v2\/product_tag?post=7043"}],"curies":[{"name":"wp","href":"https:\/\/api.w.org\/{rel}","templated":true}]}}