{"id":6455,"date":"2025-04-26T00:20:02","date_gmt":"2025-04-25T22:20:02","guid":{"rendered":"https:\/\/www.digidreamer.fi\/kauppa\/?post_type=product&#038;p=6455"},"modified":"2026-05-01T10:26:11","modified_gmt":"2026-05-01T07:26:11","slug":"chieftec-vega-m-atx3-1-full-range-gold-gen5-modular-power-supply-virtalahde","status":"publish","type":"product","link":"https:\/\/www.digidreamer.fi\/kauppa\/tuote\/chieftec-vega-m-atx3-1-full-range-gold-gen5-modular-power-supply-virtalahde\/","title":{"rendered":"CHIEFTEC VEGA M ATX3.1 Full range Gold Gen5 Modular Power Supply-virtal\u00e4hde"},"content":{"rendered":"<p>CHIEFTEC VEGA M on tehokas ja nykyaikainen virtal\u00e4hde, joka on suunniteltu vastaamaan vaativien PC\u2011j\u00e4rjestelmien tehovaatimuksiin. Se tukee ATX\u202f3.1 \u2011standardia ja PCIe\u202fGen5 \u2011liit\u00e4nt\u00f6j\u00e4, mik\u00e4 varmistaa yhteensopivuuden uusimpien komponenttien kanssa. 80 Plus Gold \u2011sertifioitu energiatehokkuus ja t\u00e4ysin modulaarinen kaapelointi tekev\u00e4t asennuksesta helppoa ja siisti\u00e4. Luotettava suorituskyky ja kattavat suojausominaisuudet takaavat vakauden my\u00f6s raskaan kuormituksen alla.<\/p>\n<p>Tekniset tiedot:<br \/>Malli: CHIEFTEC VEGA M ATX3.1 Full range Gold Gen5 Modular Power Supply<br \/>Standardi: ATX\u202f12V\u202f3.1<br \/>PCIe\u2011tuki: Gen5\u2011valmius moderneille n\u00e4yt\u00f6nohjaimille<br \/>Sertifiointi: 80 Plus Gold<br \/>Teho: saatavilla eri vaihtoehdoissa (esim. 750\u202fW \/ 850\u202fW \/ 1000\u202fW)<br \/>Kaapelointi: t\u00e4ysin modulaarinen \u2013 vain tarvitsemasi kaapelit asennukseen<br \/>J\u00e4\u00e4hdytys: hiljainen FDB\u2011tuuletin optimoidulla ilmavirralla<br \/>Suojausominaisuudet: OVP (ylij\u00e4nnitesuoja), UVP (ali\/ylij\u00e4nnitesuoja), OCP (ylikuormitussuoja), SCP (oikosulkusuoja) ja muut turvamekanismit<br \/>Liit\u00e4nn\u00e4t (mallikohtaiset, esimerkkej\u00e4):<br \/>\u2022 24\u2011pin ATX emolevyliitin<br \/>\u2022 2 \u00d7 EPS12V 8\u2011pin prosessoriteho<br \/>\u2022 PCIe\u2011teholiittimet Gen5\u2011n\u00e4yt\u00f6nohjaimille<br \/>\u2022 SATA\u2011kaapelit tallennuslaitteille<br \/>\u2022 Molex\u2011kaapelit vanhemmille laitteille<br \/>Soveltuu: tehokkaisiin pelitietokoneisiin, ty\u00f6asemiin ja moderneihin kokoonpanoihin<br \/>Takuu: 5 vuotta<\/p>\n","protected":false},"excerpt":{"rendered":"<p>Valmistaja: CHIEFTEC<br \/>Valmistajan tuotekoodi: PPG-750-C, PPG-750-CW, PPG-850-C, PPG-850-CW, PPG-1000-C, PPG-1000-CW<br \/>Tuotenimike: CHIEFTEC VEGA M ATX3.1 Full range Gold Gen5 Modular Power Supply<br \/>EAN-koodi: 0753263078896, 0753263079107, 0753263078902, 0753263079114, 0753263079091, 0753263079121<br \/>Valmistajan takuu: 5 vuotta<\/p>\n","protected":false},"featured_media":4418,"comment_status":"open","ping_status":"closed","template":"","meta":[],"product_brand":[626],"product_cat":[105],"product_tag":[],"class_list":{"0":"post-6455","1":"product","2":"type-product","3":"status-publish","6":"product_brand-chieftec","7":"product_cat-virtalahteet","8":"product_shipping_class-pieni","10":"first","11":"instock","12":"sale","13":"taxable","14":"shipping-taxable","15":"purchasable","16":"product-type-variable","17":"has-default-attributes"},"jetpack_sharing_enabled":true,"_links":{"self":[{"href":"https:\/\/www.digidreamer.fi\/kauppa\/wp-json\/wp\/v2\/product\/6455","targetHints":{"allow":["GET"]}}],"collection":[{"href":"https:\/\/www.digidreamer.fi\/kauppa\/wp-json\/wp\/v2\/product"}],"about":[{"href":"https:\/\/www.digidreamer.fi\/kauppa\/wp-json\/wp\/v2\/types\/product"}],"replies":[{"embeddable":true,"href":"https:\/\/www.digidreamer.fi\/kauppa\/wp-json\/wp\/v2\/comments?post=6455"}],"wp:featuredmedia":[{"embeddable":true,"href":"https:\/\/www.digidreamer.fi\/kauppa\/wp-json\/wp\/v2\/media\/4418"}],"wp:attachment":[{"href":"https:\/\/www.digidreamer.fi\/kauppa\/wp-json\/wp\/v2\/media?parent=6455"}],"wp:term":[{"taxonomy":"product_brand","embeddable":true,"href":"https:\/\/www.digidreamer.fi\/kauppa\/wp-json\/wp\/v2\/product_brand?post=6455"},{"taxonomy":"product_cat","embeddable":true,"href":"https:\/\/www.digidreamer.fi\/kauppa\/wp-json\/wp\/v2\/product_cat?post=6455"},{"taxonomy":"product_tag","embeddable":true,"href":"https:\/\/www.digidreamer.fi\/kauppa\/wp-json\/wp\/v2\/product_tag?post=6455"}],"curies":[{"name":"wp","href":"https:\/\/api.w.org\/{rel}","templated":true}]}}