{"id":6453,"date":"2025-04-26T01:20:02","date_gmt":"2025-04-25T22:20:02","guid":{"rendered":"https:\/\/www.digidreamer.fi\/kauppa\/?post_type=product&#038;p=6453"},"modified":"2026-05-01T10:04:36","modified_gmt":"2026-05-01T07:04:36","slug":"corsair-vengeance-32gb-2x16gb-ddr5-6000mhz-dimm-unbuffered-36-44-44-96-keskusmuisti","status":"publish","type":"product","link":"https:\/\/www.digidreamer.fi\/kauppa\/tuote\/corsair-vengeance-32gb-2x16gb-ddr5-6000mhz-dimm-unbuffered-36-44-44-96-keskusmuisti\/","title":{"rendered":"Corsair Vengeance 32GB (2x16GB) DDR5 6000MHz CL36 \u2013 UDIMM XMP\/EXPO Gaming RAM, musta heatspreader"},"content":{"rendered":"<p>Corsair Vengeance DDR5 32GB (2\u00d716GB) 6000MHz CL36 on tasapainoinen high-performance -muistipaketti nykyaikaisiin pelitietokoneisiin ja ty\u00f6asemiin.<br \/>6000MHz taajuus on yksi DDR5-alustan \u201csweet spot\u201d -nopeuksista, joka tarjoaa erinomaisen yhdistelm\u00e4n kaistanleveytt\u00e4 ja vakautta. CL36-latenssi (36-44-44-96) on yleinen ja hyvin optimoitu profiili erityisesti AMD AM5 -alustalle ja Intel DDR5-emolevyille.<br \/>Matalaprofiilinen alumiininen heatspreader varmistaa hyv\u00e4n j\u00e4\u00e4hdytyksen ja yhteensopivuuden my\u00f6s suurten prosessorij\u00e4\u00e4hdyttimien kanssa.<\/p>\n<p>Tekniset tiedot<br \/><strong>Yleist\u00e4<\/strong><br \/>Valmistaja: Corsair<br \/>Sarja: Vengeance<br \/>Tyyppi: DDR5 UDIMM<br \/>Kokoonpano: 2 \u00d7 16GB (32GB)<br \/>V\u00e4ri: musta \/ alumiininen heatspreader<\/p>\n<p><strong>Suorituskyky<\/strong><br \/>Taajuus: 6000 MT\/s<br \/>CAS Latency: CL36-44-44-96<br \/>J\u00e4nnite: 1.35V<br \/>XMP 3.0 \/ EXPO tuki<br \/>Dual-channel konfiguraatio<\/p>\n<p><strong>Rakenne<\/strong><br \/>Alumiininen matalaprofiilinen j\u00e4\u00e4hdytin<br \/>On-die ECC (DDR5-standardi)<br \/>Puskuroimaton (unbuffered UDIMM)<br \/>Optimoitu vakauteen korkeilla taajuuksilla<\/p>\n<p><strong>Yhteensopivuus<\/strong><br \/>AMD AM5 (B650 \/ B850 \/ X670 \/ X870)<br \/>Intel DDR5 (Z690 \/ Z790 \/ Z890)<br \/>ATX \/ mATX \/ ITX emolevyt<br \/>Tukee XMP 3.0 ja AMD EXPO -profiileja<\/p>\n<p>Ominaisuudet<br \/>6000MHz DDR5 \u201csweet spot\u201d suorituskyky<br \/>Vakaa CL36 latenssi jokap\u00e4iv\u00e4iseen k\u00e4ytt\u00f6\u00f6n<br \/>Helppo XMP\/EXPO-profiili (ei manuaalis\u00e4\u00e4t\u00f6\u00e4)<br \/>Hyv\u00e4 yhteensopivuus AM5-alustalla<br \/>Matalaprofiilinen \u2013 sopii isoihin coolereihin<br \/>Luotettava Corsair-laatu<br \/>Erinomainen hinta\/suorituskyky-suhde<\/p>\n<p>K\u00e4ytt\u00f6kohteet<br \/>1440p ja 4K gaming PC:t<br \/>Striimaus ja multitasking<br \/>Sis\u00e4ll\u00f6ntuotanto (video, editointi)<br \/>High-end kotikoneet<br \/>Ryzen 7000 \/ 9000 ja Intel 13\u201315 gen -j\u00e4rjestelm\u00e4t<\/p>\n","protected":false},"excerpt":{"rendered":"<p>Corsair Vengeance 32GB DDR5 6000MHz CL36 on luotettava ja nopea kaksikanavainen muistipaketti pelaamiseen ja tehok\u00e4ytt\u00f6\u00f6n. Vakaa XMP\/EXPO-tuki, matala latenssi ja hyv\u00e4 yhteensopivuus AM5- ja Intel-alustoille.<\/p>\n<p>Valmistaja: CORSAIR<br \/>Valmistajan tuotekoodi: CMK32GX5M2E6000Z36<br \/>Tuotenimike: CORSAIR VENGEANCE 32GB 2x16GB DDR5 6000MT\/s DIMM Unbuffered 36-44-44-96 Std PMIC AMD EXPO Grey Heatspreader Black PCB 1.4V<br \/>Kuvaus: CORSAIR Vengeance &#8211; DDR5 &#8211; pakkaus &#8211; 32 Gt: 2 x 16 Gt &#8211; DIMM 288 nastaa &#8211; 6000 MT\/s \/ PC5-48000 &#8211; CL36 &#8211; 1.4 V &#8211; on-die ECC<br \/>EAN-koodi: 0840006679707<br \/>Valmistajan takuu: Rajoitettu elinik\u00e4inen<\/p>\n","protected":false},"featured_media":11360,"comment_status":"open","ping_status":"closed","template":"","meta":[],"product_brand":[639],"product_cat":[698],"product_tag":[247,245,256,246,253,248,252,153,262,261,263,249,190,257,259,264,265,258,260,250,255,251,254],"class_list":{"0":"post-6453","1":"product","2":"type-product","3":"status-publish","6":"product_brand-corsair","7":"product_cat-ddr5","8":"product_tag-kone","9":"product_tag-koti","10":"product_tag-koti-pc","11":"product_tag-kotikone","12":"product_tag-kotipc","13":"product_tag-kotitietokone","14":"product_tag-pc","15":"product_tag-pelaaminen","16":"product_tag-peli-pc","17":"product_tag-pelikone","18":"product_tag-pelipc","19":"product_tag-tieto","20":"product_tag-tietokone","21":"product_tag-tietokone-kotiin","22":"product_tag-tietokone-kotikayttoon","23":"product_tag-tietokone-pelaamiseen","24":"product_tag-tietokone-pelikayttoon","25":"product_tag-tietokone-yritykselle","26":"product_tag-tietokone-yrityskayttoon","27":"product_tag-yritys","28":"product_tag-yritys-pc","29":"product_tag-yrityskone","30":"product_tag-yrityspc","32":"first","33":"instock","34":"sale","35":"taxable","36":"shipping-taxable","37":"purchasable","38":"product-type-simple"},"jetpack_sharing_enabled":true,"_links":{"self":[{"href":"https:\/\/www.digidreamer.fi\/kauppa\/wp-json\/wp\/v2\/product\/6453","targetHints":{"allow":["GET"]}}],"collection":[{"href":"https:\/\/www.digidreamer.fi\/kauppa\/wp-json\/wp\/v2\/product"}],"about":[{"href":"https:\/\/www.digidreamer.fi\/kauppa\/wp-json\/wp\/v2\/types\/product"}],"replies":[{"embeddable":true,"href":"https:\/\/www.digidreamer.fi\/kauppa\/wp-json\/wp\/v2\/comments?post=6453"}],"wp:featuredmedia":[{"embeddable":true,"href":"https:\/\/www.digidreamer.fi\/kauppa\/wp-json\/wp\/v2\/media\/11360"}],"wp:attachment":[{"href":"https:\/\/www.digidreamer.fi\/kauppa\/wp-json\/wp\/v2\/media?parent=6453"}],"wp:term":[{"taxonomy":"product_brand","embeddable":true,"href":"https:\/\/www.digidreamer.fi\/kauppa\/wp-json\/wp\/v2\/product_brand?post=6453"},{"taxonomy":"product_cat","embeddable":true,"href":"https:\/\/www.digidreamer.fi\/kauppa\/wp-json\/wp\/v2\/product_cat?post=6453"},{"taxonomy":"product_tag","embeddable":true,"href":"https:\/\/www.digidreamer.fi\/kauppa\/wp-json\/wp\/v2\/product_tag?post=6453"}],"curies":[{"name":"wp","href":"https:\/\/api.w.org\/{rel}","templated":true}]}}