{"id":6017,"date":"2025-04-26T01:16:19","date_gmt":"2025-04-25T22:16:19","guid":{"rendered":"https:\/\/www.digidreamer.fi\/kauppa\/?post_type=product&#038;p=6017"},"modified":"2026-05-01T10:27:34","modified_gmt":"2026-05-01T07:27:34","slug":"corsair-vengeance-rgb-64gb-2x32gb-ddr5-6000mhz-cl40-50-50-96-keskusmuisti-2","status":"publish","type":"product","link":"https:\/\/www.digidreamer.fi\/kauppa\/tuote\/corsair-vengeance-rgb-64gb-2x32gb-ddr5-6000mhz-cl40-50-50-96-keskusmuisti-2\/","title":{"rendered":"Corsair Vengeance RGB 64GB (2x32GB) DDR5 6000MHz CL40 DIMM XMP 3.0 \u2013 Gaming &amp; Workstation RAM, Black Heatspreader"},"content":{"rendered":"<p>Corsair Vengeance RGB DDR5 on suunniteltu k\u00e4ytt\u00e4jille, jotka tarvitsevat sek\u00e4 suurta muistim\u00e4\u00e4r\u00e4\u00e4 ett\u00e4 modernin DDR5-alustan suorituskyky\u00e4.<br \/>64GB (2\u00d732GB) kokoonpano tarjoaa runsaasti muistia raskaaseen moniajoon, sis\u00e4ll\u00f6ntuotantoon, 3D-mallinnukseen ja uusimpiin peleihin. 6000MHz nopeus on yksi DDR5-alustan \u201csweet spot\u201d -taajuuksista, joka tarjoaa hyv\u00e4n tasapainon suorituskyvyn ja vakauden v\u00e4lill\u00e4.<br \/>RGB-valaistus tuo visuaalisen ilmeen buildiin, ja Corsair iCUE -ohjelmisto mahdollistaa valaistuksen t\u00e4ydellisen hallinnan.<\/p>\n<p>Tekniset tiedot<br \/><strong>Yleist\u00e4<\/strong><br \/>Valmistaja: Corsair<br \/>Sarja: Vengeance RGB<br \/>Tyyppi: DDR5 UDIMM<br \/>Kokoonpano: 2 \u00d7 32GB (64GB)<br \/>V\u00e4ri: musta, RGB-valaistus<\/p>\n<p><strong>Suorituskyky<\/strong><br \/>Taajuus: 6000 MT\/s<br \/>Latenssi: CL40-50-50-96<br \/>J\u00e4nnite: 1.35V<br \/>XMP 3.0 tuki: kyll\u00e4<br \/>SPD-nopeus: 4800 MT\/s<\/p>\n<p><strong>Rakenne<\/strong><br \/>Alumiininen heatspreader<br \/>RGB light bar (10-zone valaistus)<br \/>Korkealaatuinen PCB vakauteen<br \/>Dual-rank 2\u00d732GB konfiguraatio<\/p>\n<p><strong>Yhteensopivuus<\/strong><br \/>Intel 600 \/ 700 \/ 800 -sarja<br \/>AMD AM5 (B650 \/ X670 \/ X870)<br \/>ATX \/ mATX \/ ITX -j\u00e4rjestelm\u00e4t<br \/>Vaatii BIOS XMP\/EXPO -profiilit optimointiin<\/p>\n<p>Ominaisuudet<br \/>64GB kapasiteetti raskaaseen k\u00e4ytt\u00f6\u00f6n<br \/>6000MHz DDR5 suorituskyky<br \/>RGB-valaistus iCUE-ohjauksella<br \/>XMP 3.0 helppoon optimointiin<br \/>Vakaa dual-channel suorituskyky<br \/>Premium Corsair-laatu ja j\u00e4\u00e4hdytys<br \/>Soveltuu gaming + ty\u00f6asemak\u00e4ytt\u00f6\u00f6n<\/p>\n<p>K\u00e4ytt\u00f6kohteet<br \/>AAA-pelaaminen + multitasking<br \/>Striimaus ja OBS-k\u00e4ytt\u00f6<br \/>Videoeditointi (4K\/8K)<br \/>3D-renderointi ja CAD<br \/>Virtualisointi ja raskaat ty\u00f6kuormat<br \/>High-end PC buildit<\/p>\n","protected":false},"excerpt":{"rendered":"<p>Corsair Vengeance RGB 64GB DDR5 6000MHz on korkean kapasiteetin suorituskykymuisti vaativaan pelaamiseen ja ty\u00f6asemak\u00e4ytt\u00f6\u00f6n. RGB-valaistus, XMP 3.0 -tuki ja vakaa 6000MT\/s nopeus tekev\u00e4t siit\u00e4 premium-luokan p\u00e4ivityksen.<\/p>\n<p>Valmistaja: CORSAIR<br \/>Valmistajan tuotekoodi: CMH64GX5M2D6000C40<br \/>Tuotenimike: CORSAIR VENGEANCE RGB 64GB 2x32GB DDR5 6000MT\/s CL40-50-50-96 1.35V Intel XMP &#8211; BLACK<br \/>EAN-koodi: 0840440410676<br \/>Valmistajan takuu: Rajoitettu elinik\u00e4inen<\/p>\n","protected":false},"featured_media":11361,"comment_status":"open","ping_status":"closed","template":"","meta":[],"product_brand":[639],"product_cat":[698],"product_tag":[],"class_list":{"0":"post-6017","1":"product","2":"type-product","3":"status-publish","6":"product_brand-corsair","7":"product_cat-ddr5","9":"first","10":"instock","11":"sale","12":"taxable","13":"shipping-taxable","14":"purchasable","15":"product-type-simple"},"jetpack_sharing_enabled":true,"_links":{"self":[{"href":"https:\/\/www.digidreamer.fi\/kauppa\/wp-json\/wp\/v2\/product\/6017","targetHints":{"allow":["GET"]}}],"collection":[{"href":"https:\/\/www.digidreamer.fi\/kauppa\/wp-json\/wp\/v2\/product"}],"about":[{"href":"https:\/\/www.digidreamer.fi\/kauppa\/wp-json\/wp\/v2\/types\/product"}],"replies":[{"embeddable":true,"href":"https:\/\/www.digidreamer.fi\/kauppa\/wp-json\/wp\/v2\/comments?post=6017"}],"wp:featuredmedia":[{"embeddable":true,"href":"https:\/\/www.digidreamer.fi\/kauppa\/wp-json\/wp\/v2\/media\/11361"}],"wp:attachment":[{"href":"https:\/\/www.digidreamer.fi\/kauppa\/wp-json\/wp\/v2\/media?parent=6017"}],"wp:term":[{"taxonomy":"product_brand","embeddable":true,"href":"https:\/\/www.digidreamer.fi\/kauppa\/wp-json\/wp\/v2\/product_brand?post=6017"},{"taxonomy":"product_cat","embeddable":true,"href":"https:\/\/www.digidreamer.fi\/kauppa\/wp-json\/wp\/v2\/product_cat?post=6017"},{"taxonomy":"product_tag","embeddable":true,"href":"https:\/\/www.digidreamer.fi\/kauppa\/wp-json\/wp\/v2\/product_tag?post=6017"}],"curies":[{"name":"wp","href":"https:\/\/api.w.org\/{rel}","templated":true}]}}