{"id":5974,"date":"2025-04-26T01:15:49","date_gmt":"2025-04-25T22:15:49","guid":{"rendered":"https:\/\/www.digidreamer.fi\/kauppa\/?post_type=product&#038;p=5974"},"modified":"2026-04-29T20:05:47","modified_gmt":"2026-04-29T17:05:47","slug":"asus-pn42-sn004av-n100-4gb-128gb-w11p-poytatietokone","status":"publish","type":"product","link":"https:\/\/www.digidreamer.fi\/kauppa\/tuote\/asus-pn42-sn004av-n100-4gb-128gb-w11p-poytatietokone\/","title":{"rendered":"ASUS PN42-SN004AV N100 4GB 128GB W11P-p\u00f6yt\u00e4tietokone"},"content":{"rendered":"<p><strong>Tekniset tiedot<\/strong><br \/>Suoritin: Intel N100<br \/>Muisti: 4 GB (1x 4 GB DDR4 DRAM 3200)<br \/>Tallennustila: 128 GB M.2 NVMe PCIe 3.0 SSD<br \/>Integroitu n\u00e4yt\u00f6nohjain: Intel UHD Graphics<br \/><strong>Liit\u00e4nn\u00e4t (edess\u00e4):<\/strong><br \/>2 x USB-A 3.2 Gen2<br \/>1 x Audio Jack<br \/>1 x Mic-in<br \/><strong>Liit\u00e4nn\u00e4t (takana):<\/strong><br \/>2 x USB-A 3.2 Gen1<br \/>3 x USB-A 2.0<br \/>1 x RJ45 (2.5Gb)<br \/>1 x DisplayPort 1.4<br \/>1 x HDMI 2.1 (Up to 4K@60Hz)<br \/>1 x DC-in<br \/>Yhteydet: Intel Wi-Fi 6 (Gig+), Bluetooth 5.0<br \/>Virtal\u00e4hde: 65 W<br \/>Mitat: 127.5 x 132 x 57.6 mm<br \/>Paino: 1.0 kg<br \/>V\u00e4ri: Black<br \/>K\u00e4ytt\u00f6j\u00e4rjestelm\u00e4: Windows 11 Pro<\/p>\n","protected":false},"excerpt":{"rendered":"<p>Tuotenimike: ASUS PN42-SN004AV N100\/4GB\/128GB\/W11P<br \/>Tuotekoodi: 90MS02L1-M00040<br \/>EAN-koodi: 4711387152416<br \/>Takuu: 2 vuotta<\/p>\n","protected":false},"featured_media":3030,"comment_status":"open","ping_status":"closed","template":"","meta":[],"product_brand":[633],"product_cat":[35],"product_tag":[247,245,256,246,253,248,252,153,262,261,263,249,190,257,259,264,265,258,260,250,255,251,254],"class_list":{"0":"post-5974","1":"product","2":"type-product","3":"status-publish","6":"product_brand-asus","7":"product_cat-kotijatyo","8":"product_tag-kone","9":"product_tag-koti","10":"product_tag-koti-pc","11":"product_tag-kotikone","12":"product_tag-kotipc","13":"product_tag-kotitietokone","14":"product_tag-pc","15":"product_tag-pelaaminen","16":"product_tag-peli-pc","17":"product_tag-pelikone","18":"product_tag-pelipc","19":"product_tag-tieto","20":"product_tag-tietokone","21":"product_tag-tietokone-kotiin","22":"product_tag-tietokone-kotikayttoon","23":"product_tag-tietokone-pelaamiseen","24":"product_tag-tietokone-pelikayttoon","25":"product_tag-tietokone-yritykselle","26":"product_tag-tietokone-yrityskayttoon","27":"product_tag-yritys","28":"product_tag-yritys-pc","29":"product_tag-yrityskone","30":"product_tag-yrityspc","31":"product_shipping_class-suuret","33":"first","34":"onbackorder","35":"sale","36":"taxable","37":"shipping-taxable","38":"purchasable","39":"product-type-simple"},"jetpack_sharing_enabled":true,"_links":{"self":[{"href":"https:\/\/www.digidreamer.fi\/kauppa\/wp-json\/wp\/v2\/product\/5974","targetHints":{"allow":["GET"]}}],"collection":[{"href":"https:\/\/www.digidreamer.fi\/kauppa\/wp-json\/wp\/v2\/product"}],"about":[{"href":"https:\/\/www.digidreamer.fi\/kauppa\/wp-json\/wp\/v2\/types\/product"}],"replies":[{"embeddable":true,"href":"https:\/\/www.digidreamer.fi\/kauppa\/wp-json\/wp\/v2\/comments?post=5974"}],"wp:featuredmedia":[{"embeddable":true,"href":"https:\/\/www.digidreamer.fi\/kauppa\/wp-json\/wp\/v2\/media\/3030"}],"wp:attachment":[{"href":"https:\/\/www.digidreamer.fi\/kauppa\/wp-json\/wp\/v2\/media?parent=5974"}],"wp:term":[{"taxonomy":"product_brand","embeddable":true,"href":"https:\/\/www.digidreamer.fi\/kauppa\/wp-json\/wp\/v2\/product_brand?post=5974"},{"taxonomy":"product_cat","embeddable":true,"href":"https:\/\/www.digidreamer.fi\/kauppa\/wp-json\/wp\/v2\/product_cat?post=5974"},{"taxonomy":"product_tag","embeddable":true,"href":"https:\/\/www.digidreamer.fi\/kauppa\/wp-json\/wp\/v2\/product_tag?post=5974"}],"curies":[{"name":"wp","href":"https:\/\/api.w.org\/{rel}","templated":true}]}}