{"id":5908,"date":"2025-04-26T01:14:46","date_gmt":"2025-04-25T22:14:46","guid":{"rendered":"https:\/\/www.digidreamer.fi\/kauppa\/?post_type=product&#038;p=5908"},"modified":"2026-05-01T09:58:43","modified_gmt":"2026-05-01T06:58:43","slug":"amd-ryzen-9-7900-5-4ghz-am5-12c-24t-65w-76mb-prosessori","status":"publish","type":"product","link":"https:\/\/www.digidreamer.fi\/kauppa\/tuote\/amd-ryzen-9-7900-5-4ghz-am5-12c-24t-65w-76mb-prosessori\/","title":{"rendered":"AMD Ryzen 9 7900 5.4GHz AM5 12C\/24T 65W 76MB-prosessori"},"content":{"rendered":"<p>Tuotetyyppi: Suoritin<br \/>Tyyppi: AMD Ryzen 9 7900<br \/>Ydinten m\u00e4\u00e4r\u00e4: 12-ytiminen<br \/>S\u00e4ikeiden m\u00e4\u00e4r\u00e4: 24 s\u00e4iett\u00e4<br \/>V\u00e4limuisti: 64 Mt<br \/>Cache-muistin tiedot:<br \/>L3 &#8211; 64 MB<br \/>L2 &#8211; 12 MB<br \/>L1 &#8211; 768 KB<br \/>Suorittimien m\u00e4\u00e4r\u00e4: 1<br \/>Kellotaajuus: 3.7 GHz<br \/>Max. turbonopeus: 5.4 GHz<br \/>Yhteensopiva suoritinkanta: Socket AM5<br \/>Tuotantoprosessi: 5 nm<br \/>Thermal Design Power: 65 W<br \/>L\u00e4mp\u00f6tiedot: 95 \u00b0C<br \/>Arkkitehtuuriset ominaisuudet: AMD EXPO Technology, AMD RyzenTechnologies, &#8220;Zen 4&#8221; -ydinarkkitehtuuri<br \/>N\u00e4yt\u00f6nohjain: Radeon Graphics<br \/>Perustaajuus: 2200 MHz<br \/>Sis\u00e4ltyv\u00e4t lis\u00e4varusteet: AMD Wraith Prism<br \/>Pakkaustyyppi: AMD Processor in a Box (PIB)<\/p>\n","protected":false},"excerpt":{"rendered":"<p>Valmistaja: AMD<br \/>Valmistajan tuotekoodi: 100-100000590BOX<br \/>Tuotenimike: AMD Ryzen 9 7900 5.4GHz AM5 12C\/24T 65W 76MB with Wraith Prism Cooler BOX<br \/>Kuvaus: AMD Ryzen 9 7900 &#8211; 3.7 GHz &#8211; 12-ytiminen &#8211; 24 s\u00e4iett\u00e4 &#8211; 64 Mt cache &#8211; Socket AM5 &#8211; Box<br \/>EAN-koodi: 0730143314466<br \/>Takuu: 3 vuotta<\/p>\n","protected":false},"featured_media":2100,"comment_status":"open","ping_status":"closed","template":"","meta":[],"product_brand":[646],"product_cat":[97],"product_tag":[],"class_list":{"0":"post-5908","1":"product","2":"type-product","3":"status-publish","6":"product_brand-amd","7":"product_cat-amd-am5","8":"product_shipping_class-pieni","10":"first","11":"instock","12":"sale","13":"taxable","14":"shipping-taxable","15":"purchasable","16":"product-type-simple"},"jetpack_sharing_enabled":true,"_links":{"self":[{"href":"https:\/\/www.digidreamer.fi\/kauppa\/wp-json\/wp\/v2\/product\/5908","targetHints":{"allow":["GET"]}}],"collection":[{"href":"https:\/\/www.digidreamer.fi\/kauppa\/wp-json\/wp\/v2\/product"}],"about":[{"href":"https:\/\/www.digidreamer.fi\/kauppa\/wp-json\/wp\/v2\/types\/product"}],"replies":[{"embeddable":true,"href":"https:\/\/www.digidreamer.fi\/kauppa\/wp-json\/wp\/v2\/comments?post=5908"}],"wp:featuredmedia":[{"embeddable":true,"href":"https:\/\/www.digidreamer.fi\/kauppa\/wp-json\/wp\/v2\/media\/2100"}],"wp:attachment":[{"href":"https:\/\/www.digidreamer.fi\/kauppa\/wp-json\/wp\/v2\/media?parent=5908"}],"wp:term":[{"taxonomy":"product_brand","embeddable":true,"href":"https:\/\/www.digidreamer.fi\/kauppa\/wp-json\/wp\/v2\/product_brand?post=5908"},{"taxonomy":"product_cat","embeddable":true,"href":"https:\/\/www.digidreamer.fi\/kauppa\/wp-json\/wp\/v2\/product_cat?post=5908"},{"taxonomy":"product_tag","embeddable":true,"href":"https:\/\/www.digidreamer.fi\/kauppa\/wp-json\/wp\/v2\/product_tag?post=5908"}],"curies":[{"name":"wp","href":"https:\/\/api.w.org\/{rel}","templated":true}]}}