{"id":15427,"date":"2025-12-17T18:15:34","date_gmt":"2025-12-17T16:15:34","guid":{"rendered":"https:\/\/www.digidreamer.fi\/kauppa\/tuote\/logitech-brio-300-full-hd-webcam-graphite\/"},"modified":"2026-05-01T09:58:02","modified_gmt":"2026-05-01T06:58:02","slug":"logitech-brio-300-full-hd-webcam-graphite","status":"publish","type":"product","link":"https:\/\/www.digidreamer.fi\/kauppa\/tuote\/logitech-brio-300-full-hd-webcam-graphite\/","title":{"rendered":"LOGITECH Brio 300 Full HD webcam &#8211; GRAPHITE"},"content":{"rendered":"<p>T\u00e4m\u00e4 Logitech Brio\u202f300 Full\u202fHD \u2011verkkokamera tarjoaa ter\u00e4v\u00e4n 1080p\u2011tarkkuuden videoihin ja videopuheluihin ilman monimutkaisia asetuksia. Sis\u00e4\u00e4nrakennettu mikrofoni ja automaattinen valonkorjaus varmistavat luonnollisen ja selke\u00e4n kuvan my\u00f6s haastavassa valaistuksessa. USB\u2011C\u2011liit\u00e4nt\u00e4 tekee k\u00e4yt\u00f6st\u00e4 helppoa ja plug\u2011and\u2011play\u2011toiminnolla yhteensopivuus tietokoneiden ja kokousalustojen kanssa on vaivatonta. Kompakti kiinnitysklipsi sopii n\u00e4ytt\u00f6\u00f6n tai kannettavaan, ja yksityisyyssulkimen avulla voit peitt\u00e4\u00e4 linssin tarvittaessa. Erinomainen valinta et\u00e4ty\u00f6h\u00f6n, videokokouksiin ja striimaukseen.<\/p>\n<p>Tekniset tiedot:<br \/>\u2022 Mallinumero: 960\u2011001436 \/ Logitech Brio\u202f300<br \/>\u2022 Videotarkkuus: Full\u202fHD 1920\u00d71080 @ 30\u202ffps (my\u00f6s 1280\u00d7720 @ 30\u202ffps)<br \/>\u2022 Kenno: n. 2\u202fMP<br \/>\u2022 Objektiivi: 4\u2011elementtinen linssi fix focus \u2011tarkennuksella<br \/>\u2022 N\u00e4k\u00f6kentt\u00e4: n. 70\u00b0<br \/>\u2022 Liit\u00e4nt\u00e4: USB\u2011C, plug\u2011and\u2011play<br \/>\u2022 Mikrofoni: Sis\u00e4\u00e4nrakennettu mikrofonilla ja kohinanvaimennuksella<br \/>\u2022 Lis\u00e4ominaisuudet: Automaattinen valonkorjaus, yksityisyys\u2011sulkija<br \/>\u2022 Yhteensopivuus: Windows, macOS, ChromeOS ja yleiset videokokous\u2011sovellukset<br \/>\u2022 Mitat &amp; paino: kompakti ja kevyt (n. 74\u202fg)<\/p>\n","protected":false},"excerpt":{"rendered":"<p>Valmistaja: LOGITECH<br \/>Valmistajan tuotekoodi: 960-001436<br \/>Tuotenimike: LOGITECH Brio 300 Full HD webcam &#8211; GRAPHITE<br \/>Kuvaus: Logitech BRIO 300 &#8211; Verkkokamera &#8211; v\u00e4ri &#8211; 2 MP &#8211; 1920 x 1080 &#8211; 1080p, 720p &#8211; audio &#8211; USB-C<br \/>EAN-koodi: 5099206104938<\/p>\n","protected":false},"featured_media":37871,"comment_status":"open","ping_status":"closed","template":"","meta":[],"product_brand":[624],"product_cat":[948],"product_tag":[],"class_list":{"0":"post-15427","1":"product","2":"type-product","3":"status-publish","6":"product_brand-logitech","7":"product_cat-kamerat","9":"first","10":"instock","11":"sale","12":"taxable","13":"shipping-taxable","14":"purchasable","15":"product-type-simple"},"jetpack_sharing_enabled":true,"_links":{"self":[{"href":"https:\/\/www.digidreamer.fi\/kauppa\/wp-json\/wp\/v2\/product\/15427","targetHints":{"allow":["GET"]}}],"collection":[{"href":"https:\/\/www.digidreamer.fi\/kauppa\/wp-json\/wp\/v2\/product"}],"about":[{"href":"https:\/\/www.digidreamer.fi\/kauppa\/wp-json\/wp\/v2\/types\/product"}],"replies":[{"embeddable":true,"href":"https:\/\/www.digidreamer.fi\/kauppa\/wp-json\/wp\/v2\/comments?post=15427"}],"wp:featuredmedia":[{"embeddable":true,"href":"https:\/\/www.digidreamer.fi\/kauppa\/wp-json\/wp\/v2\/media\/37871"}],"wp:attachment":[{"href":"https:\/\/www.digidreamer.fi\/kauppa\/wp-json\/wp\/v2\/media?parent=15427"}],"wp:term":[{"taxonomy":"product_brand","embeddable":true,"href":"https:\/\/www.digidreamer.fi\/kauppa\/wp-json\/wp\/v2\/product_brand?post=15427"},{"taxonomy":"product_cat","embeddable":true,"href":"https:\/\/www.digidreamer.fi\/kauppa\/wp-json\/wp\/v2\/product_cat?post=15427"},{"taxonomy":"product_tag","embeddable":true,"href":"https:\/\/www.digidreamer.fi\/kauppa\/wp-json\/wp\/v2\/product_tag?post=15427"}],"curies":[{"name":"wp","href":"https:\/\/api.w.org\/{rel}","templated":true}]}}