{"id":10596,"date":"2025-11-13T09:46:21","date_gmt":"2025-11-13T07:46:21","guid":{"rendered":"https:\/\/www.digidreamer.fi\/kauppa\/?post_type=product&#038;p=10596"},"modified":"2026-04-29T07:10:43","modified_gmt":"2026-04-29T04:10:43","slug":"hp-s7-pro-732pk-series-7-pro-31-5-ips-4k-thunderbolt-4-monitor-naytto","status":"publish","type":"product","link":"https:\/\/www.digidreamer.fi\/kauppa\/tuote\/hp-s7-pro-732pk-series-7-pro-31-5-ips-4k-thunderbolt-4-monitor-naytto\/","title":{"rendered":"HP S7 Pro 732pk Series 7 Pro 31.5&#8243; IPS 4K Thunderbolt 4 Monitor-n\u00e4ytt\u00f6"},"content":{"rendered":"<p>N\u00e4yt\u00f6n tyyppi: LED-taustavalaistu LCD-n\u00e4ytt\u00f6 \/ TFT-aktiivimatriisi<br \/>Energialuokka: Luokka G<br \/>Energialuokka (HDR): Luokka G<br \/>N\u00e4yt\u00f6n koko: 32&#8243;<br \/>Kuva-ala: 31.5&#8243;<br \/>Sis\u00e4\u00e4nrakennetut laitteet: KVM-kytkin, USB 3.2 Gen 1 -keskitin<br \/>USB-virransy\u00f6tt\u00f6: 100 watti(a)<br \/>Paneelityyppi: IPS Black<br \/>Katselusuhde: 16:9<br \/>Alkuper\u00e4inen tarkkuus: 4K 3840 x 2160 at 60 Hz<br \/>Pikselikoko: 0.18 mm<br \/>Pikseli\u00e4 per tuuma: 140<br \/>Kirkkaus: 400 cd\/m\u00b2<br \/>Kontrastisuhde: 2000:1 \/ 10000000:1 (dynaaminen)<br \/>V\u00e4rituki: 1,07 miljardia v\u00e4ri\u00e4<br \/>V\u00e4riasteikko: 100% sRGB, 98% DisplayP3<br \/>Vasteaika: 5 ms (gray-to-gray with overdrive)<br \/>Pystysuuntainen p\u00e4ivityssuhde: 29 &#8211; 60 Hz<br \/>Vaakasuuntainen p\u00e4ivityssuhde: 30 &#8211; 135 kHz<br \/>Vaakasuuntainen katselukulma: 178<br \/>Pystysuuntainen katselukulma: 178<br \/>N\u00e4yt\u00f6n pinnoite: H\u00e4ik\u00e4isem\u00e4t\u00f6n, 3H Hard Coating, Usva 25 %<br \/>Taustavaloteknologia: Reunavalaistu LED<br \/>Ominaisuudet: Flicker Free -tekniikka, Color Calibrated, Picture-in-Picture, Picture-by-Picture, Low Blue Light -teknologia, 10 bitin (8 bitin + FRC) v\u00e4risyvyys, HP Eye Ease, 4-puolinen mikroreuna, VESA DisplayHDR 400, kaistan ulkopuolinen MAC-osoitteen l\u00e4pivienti (MAPT), kaistan ulkopuolinen her\u00e4tys l\u00e4hiverkossa (WoL), PXE Boot, HDR400<br \/>V\u00e4ri: Musta, hopea<br \/>Ulkomitat (PxSxK): 71.35 cm x 21.7 cm x 60.49 cm &#8211; jalustalla<br \/>Paino: 8.77 kg<br \/>Liit\u00e4nn\u00e4t:<br \/>DisplayPort (HDCP)<br \/>DisplayPort-l\u00e4ht\u00f6 (HDCP)<br \/>HDMI (HDCP)<br \/>USB 3.2 Gen 1 yl\u00e4virta (B-tyyppi)<br \/>4 x USB 3.2 Gen 1 alavirta<br \/>Thunderbolt 4\/USB-C 3.2 Gen 2 yl\u00e4virtaan\/DisplayPort 1.4 -liit\u00e4nt\u00e4 (DisplayPort Alt Mode, data, teho enint\u00e4\u00e4n 100 W)<br \/>Verkko (RJ-45)<br \/>N\u00e4yt\u00f6n sijainnin s\u00e4\u00e4d\u00f6t: Korkeus, nivel (kierto), k\u00e4\u00e4nt\u00f6alusta, kaltevuus<br \/>Kallistuskulma: -5\/+20<br \/>K\u00e4\u00e4nt\u00f6kulma: 90<br \/>Kiertokulma: -90\/+90<br \/>Korkeudens\u00e4\u00e4t\u00f6: 150 mm<br \/>VESA-kiinnitysliit\u00e4nt\u00e4: 100 x 100 mm<br \/>Ominaisuudet: Paikka lukituslaitteelle (kaapelilukko myyd\u00e4\u00e4n erikseen), irrotettava teline, VESA-liit\u00e4nt\u00e4tuki<br \/>Sis\u00e4ltyv\u00e4t kaapelit:<br \/>1 x DisplayPort -kaapeli<br \/>1 x HDMI-kaapeli<br \/>1 x USB-A &#8211; USB-B -kaapeli<br \/>1 x Thunderbolt-kaapeli<br \/>Takavalon kesto: 30,000 tuntia<br \/>Yhteensopivuusstandardit: TUV GS, VCCI, C-Tick, BSMI, WHQL, CB, PSB, KCC, S Mark, MEPS, CEC, CEL, ISC, RCM, SEPA, BIS, matala halogeeni, NRCS, Mexico Energy label, UAE, Mexico NOM, MEPS vietnam, South Africa Energy Label, Belarus Energy, Korea MEPS, EuP Lot 26, China CCC, Ukraine EE, Ukraine CoC, Ukraine DOC, China CECP<br \/>Lokalisointi: Englanti \/ Eurooppa<br \/>Turvapaikkatyyppi: Kensington-turvalukkopaikka<br \/>Tuloj\u00e4nnite: Vaihtovirta 100-240 V (50\/60 Hz)<br \/>Virrankulutus (On-tilassa): 33 W<br \/>Virrankulutus SDR (p\u00e4\u00e4ll\u00e4-tila): 33 kWh\/1000 h<br \/>Virrankulutus HDR (virta p\u00e4\u00e4ll\u00e4 -tila): 45 kWh\/1000 h<br \/>Virrankulutus (tyypillinen): 48 watti(a)<br \/>Vorrankulutus (maks.): 205 watti(a)<br \/>Virrankulutuksen valmiustila: 0.5 watti(a)<br \/>Mukana tuleva ohjelmisto: HP Display Center, HP Display Manager<br \/>Mittojen &amp; painon yksityiskohdat:<br \/>Jalustalla &#8211; leveys: 71.35 cm &#8211; syvyys: 21.7 cm &#8211; korkeus: 60.49 cm &#8211; paino: 8.77 kg<br \/>Ilman jalustaa &#8211; leveys: 71.35 cm &#8211; syvyys: 4.7 cm &#8211; korkeus: 41.59 cm<br \/>L\u00e4hetysleveys: 81.6 cm<br \/>L\u00e4hetyssyvyys: 18.5 cm<br \/>L\u00e4hetyskorkeus: 50.4 cm<br \/>L\u00e4hetyspaino: 13.7 kg<br \/>TCO-sertifioitu: TCO Certified Edge Displays, TCO Certified Displays 9, TCO Sertifioitu, sukupolvi 10, n\u00e4ytt\u00f6j\u00e4 varten<br \/>ENERGY STAR -sertifioitu: Kyll\u00e4<\/p>\n","protected":false},"excerpt":{"rendered":"<p>Valmistaja: HP INC.<br \/>Valmistajan tuotekoodi: 8Y2K9AA#ABB<br \/>Tuotenimike: HP S7 Pro 732pk Series 7 Pro 31.5inch IPS 4K Thunderbolt 4 Monitor 16:9 2000:1 5ms HDMI 2.0 DP 1.4 3\/3\/0<br \/>Kuvaus: HP 732pk &#8211; Series 7 Pro &#8211; LED-n\u00e4ytt\u00f6 &#8211; 32&#8243; (31.5&#8243; katseltava) &#8211; 3840 x 2160 4K @ 60 Hz &#8211; IPS Black &#8211; 400 cd\/m\u00b2 &#8211; 2000:1 &#8211; 5 ms &#8211; Thunderbolt 4, HDMI, DisplayPort &#8211; musta, hopea<br \/>EAN-koodi: 0197498471358<br \/>Valmistajan takuu: 3 vuotta<\/p>\n","protected":false},"featured_media":10598,"comment_status":"open","ping_status":"closed","template":"","meta":[],"product_brand":[652],"product_cat":[684],"product_tag":[],"class_list":{"0":"post-10596","1":"product","2":"type-product","3":"status-publish","6":"product_brand-hp-inc","7":"product_cat-4k","9":"first","10":"onbackorder","11":"sale","12":"taxable","13":"shipping-taxable","14":"purchasable","15":"product-type-simple"},"jetpack_sharing_enabled":true,"_links":{"self":[{"href":"https:\/\/www.digidreamer.fi\/kauppa\/wp-json\/wp\/v2\/product\/10596","targetHints":{"allow":["GET"]}}],"collection":[{"href":"https:\/\/www.digidreamer.fi\/kauppa\/wp-json\/wp\/v2\/product"}],"about":[{"href":"https:\/\/www.digidreamer.fi\/kauppa\/wp-json\/wp\/v2\/types\/product"}],"replies":[{"embeddable":true,"href":"https:\/\/www.digidreamer.fi\/kauppa\/wp-json\/wp\/v2\/comments?post=10596"}],"wp:featuredmedia":[{"embeddable":true,"href":"https:\/\/www.digidreamer.fi\/kauppa\/wp-json\/wp\/v2\/media\/10598"}],"wp:attachment":[{"href":"https:\/\/www.digidreamer.fi\/kauppa\/wp-json\/wp\/v2\/media?parent=10596"}],"wp:term":[{"taxonomy":"product_brand","embeddable":true,"href":"https:\/\/www.digidreamer.fi\/kauppa\/wp-json\/wp\/v2\/product_brand?post=10596"},{"taxonomy":"product_cat","embeddable":true,"href":"https:\/\/www.digidreamer.fi\/kauppa\/wp-json\/wp\/v2\/product_cat?post=10596"},{"taxonomy":"product_tag","embeddable":true,"href":"https:\/\/www.digidreamer.fi\/kauppa\/wp-json\/wp\/v2\/product_tag?post=10596"}],"curies":[{"name":"wp","href":"https:\/\/api.w.org\/{rel}","templated":true}]}}